e remainder when 2748501 is divided by 54970.
1
What is the remainder when 21233887 is divided by 2753?
2751
Calculate the remainder when 184142 is divided by 30686.
26
What is the remainder when 1180478 is divided by 132?
2
What is the remainder when 2021804 is divided by 132?
92
Calculate the remainder when 465583 is divided by 20584.
12735
What is the remainder when 97813865 is divided by 166?
25
Calculate the remainder when 1370006 is divided by 1250.
6
What is the remainder when 218618 is divided by 24257?
305
What is the remainder when 5149609 is divided by 7?
3
Calculate the remainder when 657360 is divided by 2651.
2563
What is the remainder when 3754692 is divided by 288818?
58
What is the remainder when 63197 is divided by 30?
17
What is the remainder when 410365 is divided by 14?
11
What is the remainder when 480659 is divided by 3?
2
What is the remainder when 2229188 is divided by 22517?
5
What is the remainder when 208251 is divided by 16?
11
Calculate the remainder when 1109584 is divided by 369.
1
What is the remainder when 950136 is divided by 6741?
6396
Calculate the remainder when 63047356 is divided by 3762.
3760
What is the remainder when 4435875 is divided by 1321?
1278
What is the remainder when 99171 is divided by 98328?
843
Calculate the remainder when 65410 is divided by 65311.
99
What is the remainder when 4297535 is divided by 178?
81
Calculate the remainder when 742309 is divided by 318.
97
Calculate the remainder when 4776717 is divided by 12875.
92
Calculate the remainder when 401900 is divided by 125.
25
What is the remainder when 911165423 is divided by 41?
37
What is the remainder when 806669 is divided by 161053?
1404
Calculate the remainder when 23596487 is divided by 7522.
7495
What is the remainder when 76765727 is divided by 1205?
1202
Calculate the remainder when 6494535 is divided by 2164845.
0
Calculate the remainder when 30344487 is divided by 3701.
3689
What is the remainder when 223571 is divided by 486?
11
What is the remainder when 145788 is divided by 145714?
74
Calculate the remainder when 213314839 is divided by 89.
84
What is the remainder when 2042744 is divided by 192?
56
What is the remainder when 3265396 is divided by 1335?
1321
Calculate the remainder when 546522 is divided by 5064.
4674
What is the remainder when 31353 is divided by 1459?
714
What is the remainder when 62032531 is divided by 84398?
1
Calculate the remainder when 194493 is divided by 12857.
1638
What is the remainder when 53762 is divided by 10678?
372
What is the remainder when 5439304 is divided by 307?
185
Calculate the remainder when 174631 is divided by 812.
51
What is the remainder when 65163199 is divided by 586?
585
Calculate the remainder when 12369212 is divided by 1363.
1350
What is the remainder when 45391449 is divided by 151?
94
Calculate the remainder when 52960234 is divided by 103.
3
Calculate the remainder when 55877 is divided by 496.
325
What is the remainder when 559580 is divided by 139888?
28
Calculate the remainder when 18150614 is divided by 78574.
20
What is the remainder when 3654871 is divided by 1724?
1715
What is the remainder when 50111 is divided by 2238?
875
Calculate the remainder when 3070913 is divided by 238.
237
What is the remainder when 254467 is divided by 946?
939
Calculate the remainder when 831154 is divided by 2829.
2257
Calculate the remainder when 11427346 is divided by 340.
286
Calculate the remainder when 464805 is divided by 116152.
197
Calculate the remainder when 98247 is divided by 95124.
3123
What is the remainder when 17646315 is divided by 944?
123
What is the remainder when 17709456 is divided by 344?
336
What is the remainder when 59846808 is divided by 29923401?
6
Calculate the remainder when 5218 is divided by 269.
107
Calculate the remainder when 156102539 is divided by 45.
14
What is the remainder when 16960485 is divided by 5653494?
3
What is the remainder when 826604 is divided by 82658?
24
Calculate the remainder when 108600 is divided by 54298.
4
What is the remainder when 2386131 is divided by 59?
53
What is the remainder when 70268 is divided by 8768?
124
Calculate the remainder when 10912294 is divided by 36.
10
What is the remainder when 390823 is divided by 31680?
10663
Calculate the remainder when 249910 is divided by 201.
67
What is the remainder when 119387 is divided by 3501?
353
Calculate the remainder when 17935 is divided by 17870.
65
Calculate the remainder when 758400 is divided by 3.
0
What is the remainder when 42624160 is divided by 589?
586
What is the remainder when 2660549 is divided by 1049?
285
What is the remainder when 226022626 is divided by 55?
16
Calculate the remainder when 179727290 is divided by 8224.
8218
Calculate the remainder when 102000 is divided by 421.
118
Calculate the remainder when 1634246 is divided by 58.
38
Calculate the remainder when 13038445 is divided by 150.
145
What is the remainder when 212955 is divided by 473?
105
What is the remainder when 3930934 is divided by 24722?
136
Calculate the remainder when 45018583 is divided by 11254643.
11
Calculate the remainder when 114209392 is divided by 45.
22
Calculate the remainder when 57032561 is divided by 623.
26
What is the remainder when 7523 is divided by 6380?
1143
Calculate the remainder when 8562 is divided by 2389.
1395
What is the remainder when 4806216 is divided by 776?
448
What is the remainder when 2175271 is divided by 43?
30
What is the remainder when 76203 is divided by 6340?
123
Calculate the remainder when 316225 is divided by 146.
135
Calculate the remainder when 1325767 is divided by 1133.
157
Calculate the remainder when 8665212 is divided by 128.
124
What is the remainder when 100076 is divided by 19398?
3086
Calculate the remainder when 322905385 is divided by 1977.
1975
What is the remainder when 13392596 is divided by 130?
126
What is the remainder when 40648 is divided by 3862?
2028
What is the remainder when 51301073 is divided by 175?
173
Calculate the remainder when 97460 is divided by 218.
14
What is the remainder when 223727732 is divided by 2061?
2060
What is the remainder when 49561776 is divided by 2535?
2526
What is the remainder when 9466396 is divided by 315546?
16
Calculate the remainder when 141228 is divided by 56.
52
Calculate the remainder when 678532 is divided by 17397.
49
What is the remainder when 1008681 is divided by 53088?
9
What is the remainder when 1369467 is divided by 74?
23
What is the remainder when 843932 is divided by 446?
100
What is the remainder when 6578136 is divided by 2171?
6
Calculate the remainder when 294264 is divided by 48779.
1590
What is the remainder when 1299054 is divided by 4558?
24
Calculate the remainder when 1422508 is divided by 5308.
5272
Calculate the remainder when 2261598 is divided by 88.
86
Calculate the remainder when 1988415 is divided by 980.
975
What is the remainder when 35407748 is divided by 59609?
2
What is the remainder when 208678212 is divided by 722?
718
What is the remainder when 4579591 is divided by 2143?
0
Calculate the remainder when 569316 is divided by 63253.
39
Calculate the remainder when 2860476 is divided by 4104.
4092
What is the remainder when 5456811 is divided by 80?
11
Calculate the remainder when 6451 is divided by 6123.
328
What is the remainder when 33881222 is divided by 1133?
1123
Calculate the remainder when 626942 is divided by 16.
14
Calculate the remainder when 23073193 is divided by 926.
51
Calculate the remainder when 1469086 is divided by 63.
52
What is the remainder when 97683 is divided by 4408?
707
Calculate the remainder when 24335 is divided by 5.
0
Calculate the remainder when 5488462 is divided by 313.
7
What is the remainder when 7277318 is divided by 4?
2
What is the remainder when 2536398 is divided by 604?
202
What is the remainder when 16617860 is divided by 8?
4
Calculate the remainder when 324989191 is divided by 80.
71
Calculate the remainder when 333036682 is divided by 883.
870
What is the remainder when 144550502 is divided by 11?
8
What is the remainder when 50142165 is divided by 68?
53
Calculate the remainder when 48455 is divided by 3024.
71
What is the remainder when 157073 is divided by 30?
23
Calculate the remai